 the greatest common divisor of i and m.
36
Suppose -2*q = -0*q - 4. What is the greatest common factor of q and 10?
2
Suppose 0 = 18*l - 21*l + 45. Let x(i) = 6*i**2 + 2*i + 1. Let m be x(4). Calculate the highest common factor of l and m.
15
Let s be (-15 - -13)*10*-1. Calculate the greatest common factor of 80 and s.
20
Suppose 42 = 3*i - 2*z, 5*i - 3*z = i + 56. Suppose -58 = -3*p + 68. What is the highest common divisor of i and p?
14
Let f(p) = 6*p**2 - 5*p - 7. Let c be f(-5). What is the greatest common factor of 24 and c?
24
Let x be (1 - 0) + (13 - 2). Calculate the greatest common factor of 132 and x.
12
Let r = 11 + -6. Calculate the highest common divisor of 15 and r.
5
Let j(x) = -x**3 + 2*x**2 + 3*x + 4. Let y be j(-4). Let m be (-174)/(-8) + (-1)/(-4). What is the greatest common divisor of y and m?
22
Suppose -a - 18 = -4*a. Calculate the highest common factor of 24 and a.
6
Let i = -103 - -112. What is the highest common factor of i and 153?
9
Let j be 7/((-21)/4)*6/(-1). What is the highest common divisor of 56 and j?
8
Suppose 2*i = d - 60, -2*d - i + 120 = 3*i. Suppose 2 = -l, 4*t + 3*l - 106 = 8*l. What is the highest common divisor of t and d?
12
Suppose -k - 3*t + 11 = -8, -4*t = 4. Calculate the highest common factor of 154 and k.
22
Let b = 10 + -6. Suppose -3*n - 4*p = -2*n + 8, -b*n - p = 17. Let q be (3/1 + n)/(-1). Calculate the greatest common factor of 11 and q.
1
Suppose 394 - 72 = 14*m. Calculate the greatest common factor of m and 23.
23
Let u(c) = 62*c**3 - c**2 + 2*c - 1. Let q be u(1). Suppose -14 = 4*x - q. Calculate the greatest common factor of x and 60.
12
Let f(y) = 4*y - 7. Let g be f(4). Suppose 0 = -a - 3*a + 36. What is the greatest common divisor of a and g?
9
Let i(t) = -t**2 + 21*t + 34. Let u be i(22). Calculate the greatest common divisor of 84 and u.
12
Let r be 18 - -4*(-3)/6. Suppose p = 18 + r. Suppose 4*a - 10 = p. Calculate the greatest common factor of a and 99.
11
Let d be (-284)/(-18) + 4/18. Calculate the highest common factor of 4 and d.
4
Suppose -w + 0*w + 457 = 0. Suppose 3*h - w = -1393. Let j be 5*(h/15)/(-4). Calculate the highest common factor of 65 and j.
13
Suppose 3*b + b - 36 = 0. Suppose -b = -4*j + 3*j. Suppose 0 = 5*y + 2 - 7. What is the highest common divisor of y and j?
1
Suppose -2*c = -3*u + 79, -2*u = -5*u - 2*c + 83. Calculate the highest common divisor of u and 108.
27
Let i be (-4)/(-3)*(-12)/(-8). Let u = 2 + i. Calculate the greatest common factor of u and 16.
4
Let i = 21 - -47. Suppose -i = -5*b - 4*g, g - 2*g = -2. What is the highest common divisor of b and 2?
2
Let w = 15 - 13. Suppose -38 = -4*g + w*l + 152, 3*g - l - 145 = 0. What is the greatest common factor of g and 20?
10
Suppose 22*h - 23*h + 11 = 0. Let y be 84 + 1*(-1)/1. Let k = 138 - y. Calculate the highest common divisor of k and h.
11
Let b be (0 - 1 - 0) + 13. Let z be (12/(-14))/(-1)*21. Let x be (-14)/63 - (-2380)/z. What is the greatest common factor of x and b?
12
Let q = 137 + -114. Calculate the greatest common divisor of q and 115.
23
Suppose -3*o = -4*o + 120. What is the highest common factor of 24 and o?
24
Let c = 73 - -71. Calculate the greatest common divisor of c and 9.
9
Let q be 0/((-2)/2 - 0). Let u(g) = -g + 16. Let j be u(q). What is the greatest common divisor of j and 64?
16
Suppose 4 = 2*r - 0*r. Suppose 0 = 3*w - r*j - 0*j - 84, -153 = -5*w - j. Let v = -11 + 16. Calculate the highest common divisor of w and v.
5
Suppose 2*g + 3 = -1. Let u be g/2*0 + 36. Suppose -15*i - 17 = -197. Calculate the highest common factor of i and u.
12
Let w(s) = -s**2 - 8*s - 3. Let f = -10 - -4. Let x be w(f). Calculate the greatest common factor of 27 and x.
9
Let p(k) = k + 4. Let v be p(0). Suppose -3*n + 128 = 32. What is the greatest common divisor of n and v?
4
Suppose -5*p + 3*i + i = -21, -3*i = p + 11. Suppose -m + 36 = 3*m. Calculate the greatest common divisor of m and p.
1
Let t be 8*((-34)/204 - (-2)/3). Suppose 0 = 4*c - 7*c + 12. Calculate the greatest common factor of c and t.
4
Let r = -7 + 9. Suppose 0 = r*c + 6 + 30. Let j be (c + 0)*(0 + -1). Calculate the highest common factor of 9 and j.
9
Suppose d + 10 = -h, 5*h - d = 4*d. Let l(x) = x**2 - x - 5. Let q be l(h). Calculate the greatest common divisor of q and 275.
25
Suppose -a = 3*u - 24, 4*u - 2*u = -a + 27. Suppose -3*x + 24 = x. Suppose -3*r = -x - 3. Calculate the greatest common factor of a and r.
3
Let g be (-2)/((0 + 2)*-1). Let y be 270 - (g/(-1))/1. Let d = y - 163. What is the highest common factor of 12 and d?
12
Let t = 16 + 5. Calculate the highest common divisor of t and 21.
21
Let m be (6/(-3))/((-4)/6). Suppose -r + m*r - 22 = 0. What is the greatest common factor of 121 and r?
11
Let q = -6 - -1. Let a(y) = -6*y - 2. Let c be a(q). What is the greatest common divisor of c and 196?
28
Let a = 69 - 33. Let s be 1/2 - (-321)/6. What is the greatest common divisor of s and a?
18
Let r(u) be the third derivative of -u**4/8 - 3*u**3/2 + 6*u**2. Let x be r(-11). Calculate the highest common divisor of 16 and x.
8
Suppose 2*p - 44 = -5*x, -4*x + 3*p + 8 = -18. Suppose -6*h + 2*h + 8 = 0. Calculate the greatest common divisor of h and x.
2
Let l be 1 + -3 + 129/(-3). Let m = 0 - l. Let h = m - 25. Calculate the greatest common factor of h and 5.
5
Let j(s) = -s**3 - 17*s**2 + 11*s - 21. Let u be j(-18). Let r(i) = 6*i - 3. Let g be r(3). What is the highest common factor of u and g?
15
Let k(j) = 4*j**2 + 5*j + 3. Let x be k(-3). Let l = x + -13. Calculate the highest common factor of l and 88.
11
Let f = -3 + 1. Let o be 8 - (5 + f + -1). Let x(u) = u**3 - 6*u**2 + u + 8. Let v be x(o). Calculate the highest common factor of v and 28.
14
Suppose 0 = 2*g + 2*l - 104, -13 = 2*g + 5*l - 108. Calculate the greatest common divisor of 5 and g.
5
Let v = -3 - -6. Let f be (192/2)/4 - 0. Calculate the greatest common factor of f and v.
3
Let s = -2 + 32. Let d = s + -14. What is the highest common divisor of 2 and d?
2
Let k = 44 - 26. Calculate the greatest common divisor of 45 and k.
9
Let q be (0 - 0 - 2)*-21. What is the greatest common divisor of 42 and q?
42
Suppose -2*j = -6*j + 12. Suppose -25 = -5*k + h, -10 = -2*k - 0*k - h. Let r = k + 1. What is the highest common factor of r and j?
3
Let y be (-7)/(126/(-4)) - (-50)/18. Calculate the highest common factor of 21 and y.
3
Let f(n) = n. Let k(h) = -h**2 - 1. Let b(q) = 4*f(q) + k(q). Let i be b(3). Suppose i*m = m + 6. Calculate the greatest common divisor of m and 18.
6
Let g(x) = x**2 + 6*x + 2. Let n be g(-6). Suppose -16 = -h + n*f, -5*h - 5*f + 95 = -0*h. Suppose j + j = 12. What is the greatest common divisor of h and j?
6
Let k be (3 - 2)*-14 - 1. Let o = -11 - k. Calculate the greatest common factor of 32 and o.
4
Let j = -24 + 54. Let l = -12 + j. Calculate the greatest common divisor of l and 2.
2
Let t be ((324/(-21))/(-3))/((-6)/(-56)). Calculate the greatest common divisor of t and 16.
16
Suppose 4*x = -0*x + 8. What is the greatest common divisor of x and 6?
2
Let t be ((108/(-45))/(-4))/(1/30). Let c be 4/2 + 6 + 1. What is the highest common divisor of c and t?
9
Suppose 4*r - y + 15 - 64 = 0, -r + 5*y = 2. Calculate the highest common factor of r and 13.
13
Let h(o) = o**2 + 3*o - 11. Let r be h(-6). Calculate the greatest common factor of 56 and r.
7
Let h = -9 - -11. Let g = 77 + -187. Let d be (-2)/6 - g/6. Calculate the greatest common factor of h and d.
2
Let t = -279 - -576. Suppose -87 = -3*h - 3*y, 3*h = 4*h - 3*y - 21. What is the highest common factor of h and t?
27
Let y = -3 - -12. Calculate the highest common divisor of y and 1.
1
Let x(w) = -w**3 - 3*w**2 - 5*w - 5. Let o be x(-4). Suppose 5*g + 35 = -h, -h - 11 + 4 = -2*g. Let c = o + h. What is the highest common factor of c and 32?
16
Let r be (1 - 1/(-2))*(-52)/(-3). What is the highest common divisor of 65 and r?
13
Let l(s) = 2*s**2 + 10*s + 13. Let y be l(9). Let d = -130 + y. Let q = -58 + d. What is the greatest common factor of q and 11?
11
Suppose 3*x + 2*c - c = -13, 0 = -2*x - 4*c - 12. Let b be (11/4)/((-1)/x). Let l = 287 + -166. Calculate the greatest common divisor of l and b.
11
Let i = 2 - -83. Suppose -2*p + 235 - i = 0. Calculate the greatest 